it of 298962?
8
What is the ten thousands digit of 106598?
0
What is the units digit of 13225207?
7
What is the hundreds digit of 7607267?
2
What is the tens digit of 16835656?
5
What is the ten thousands digit of 3620024?
2
What is the ten thousands digit of 860937?
6
What is the thousands digit of 1346443?
6
What is the tens digit of 895009?
0
What is the ten millions digit of 28681491?
2
What is the thousands digit of 18994642?
4
What is the hundred thousands digit of 201930?
2
What is the millions digit of 1490724?
1
What is the hundred thousands digit of 4230692?
2
What is the units digit of 1493178?
8
What is the hundred thousands digit of 419388?
4
What is the thousands digit of 535035?
5
What is the hundred thousands digit of 28040303?
0
What is the ten thousands digit of 6565485?
6
What is the thousands digit of 205455?
5
What is the hundreds digit of 668143?
1
What is the millions digit of 1236827?
1
What is the hundred thousands digit of 1867765?
8
What is the thousands digit of 19722?
9
What is the ten thousands digit of 1782871?
8
What is the tens digit of 538049?
4
What is the units digit of 295304?
4
What is the hundred thousands digit of 2095995?
0
What is the thousands digit of 4201430?
1
What is the tens digit of 448316?
1
What is the thousands digit of 852599?
2
What is the tens digit of 1678362?
6
What is the hundreds digit of 843226?
2
What is the hundreds digit of 11028079?
0
What is the tens digit of 330707?
0
What is the tens digit of 112871?
7
What is the tens digit of 2615404?
0
What is the hundreds digit of 86908?
9
What is the hundreds digit of 56205?
2
What is the tens digit of 9541028?
2
What is the hundreds digit of 39109?
1
What is the ten thousands digit of 3993111?
9
What is the hundred thousands digit of 1270882?
2
What is the hundreds digit of 1011869?
8
What is the hundreds digit of 498369?
3
What is the thousands digit of 166916?
6
What is the thousands digit of 60068?
0
What is the thousands digit of 149418?
9
What is the tens digit of 1524706?
0
What is the ten thousands digit of 8169311?
6
What is the hundred thousands digit of 757175?
7
What is the thousands digit of 2523488?
3
What is the units digit of 14976784?
4
What is the units digit of 134746?
6
What is the hundreds digit of 1954288?
2
What is the ten millions digit of 30870462?
3
What is the units digit of 141619?
9
What is the hundreds digit of 39880?
8
What is the units digit of 82191?
1
What is the units digit of 380624?
4
What is the thousands digit of 72603?
2
What is the units digit of 209793?
3
What is the thousands digit of 3911646?
1
What is the thousands digit of 18061602?
1
What is the ten thousands digit of 16158377?
5
What is the hundreds digit of 3774118?
1
What is the hundreds digit of 1025836?
8
What is the hundreds digit of 1376095?
0
What is the thousands digit of 548712?
8
What is the tens digit of 8422440?
4
What is the tens digit of 20922292?
9
What is the tens digit of 12915406?
0
What is the units digit of 5529200?
0
What is the units digit of 217839?
9
What is the units digit of 8507085?
5
What is the units digit of 336430?
0
What is the thousands digit of 198885?
8
What is the thousands digit of 1477000?
7
What is the units digit of 566073?
3
What is the hundred thousands digit of 1561224?
5
What is the tens digit of 1515806?
0
What is the hundreds digit of 123264?
2
What is the hundreds digit of 1553423?
4
What is the units digit of 464015?
5
What is the hundred thousands digit of 508987?
5
What is the thousands digit of 446181?
6
What is the hundreds digit of 12996792?
7
What is the units digit of 138774?
4
What is the ten thousands digit of 5340087?
4
What is the units digit of 138462?
2
What is the millions digit of 10622292?
0
What is the millions digit of 8057485?
8
What is the hundred thousands digit of 290036?
2
What is the hundred thousands digit of 5711237?
7
What is the hundred thousands digit of 7885969?
8
What is the tens digit of 1682510?
1
What is the millions digit of 15525956?
5
What is the hundreds digit of 2325660?
6
What is the hundreds digit of 1309947?
9
What is the ten thousands digit of 3157711?
5
What is the tens digit of 954073?
7
What is the hundreds digit of 2199053?
0
What is the units digit of 360670?
0
What is the millions digit of 17697878?
7
What is the thousands digit of 5970348?
0
What is the ten thousands digit of 69674?
6
What is the units digit of 609663?
3
What is the thousands digit of 102162?
2
What is the thousands digit of 890542?
0
What is the ten thousands digit of 8533268?
3
What is the units digit of 7402?
2
What is the hundred thousands digit of 285644?
2
What is the hundreds digit of 2386961?
9
What is the hundred thousands digit of 729459?
7
What is the millions digit of 16149407?
6
What is the hundred thousands digit of 188645?
1
What is the units digit of 4895836?
6
What is the units digit of 12185318?
8
What is the ten thousands digit of 1414253?
1
What is the hundreds digit of 3838035?
0
What is the hundreds digit of 4370081?
0
What is the tens digit of 1155970?
7
What is the units digit of 2051506?
6
What is the ten thousands digit of 3784786?
8
What is the tens digit of 2493190?
9
What is the hundreds digit of 1501417?
4
What is the units digit of 9200716?
6
What is the hundred thousands digit of 799125?
7
What is the thousands digit of 597396?
7
What is the thousands digit of 1357610?
7
What is the units digit of 452669?
9
What is the millions digit of 9561635?
9
What is the hundreds digit of 636404?
4
What is the ten thousands digit of 1546564?
4
What is the hundreds digit of 447873?
8
What is the thousands digit of 1257042?
7
What is the millions digit of 13195504?
3
What is the units digit of 155975?
5
What is the thousands digit of 8354311?
4
What is the ten thousands digit of 244132?
4
What is the ten thousands digit of 486032?
8
What is the hundred thousands digit of 851247?
8
What is the units digit of 903267?
7
What is the ten thousands digit of 408606?
0
What is the hundred thousands digit of 341155?
3
What is the units digit of 746681?
1
What is the thousands digit of 611403?
1
What is the units digit of 236321?
1
What is the tens digit of 12251888?
8
What is the ten thousands digit of 716469?
1
What is the tens digit of 18790756?
5
What is the ten thousands digit of 211197?
1
What is the tens digit of 17145279?
7
What is the ten thousands digit of 103921?
0
What is the thousands digit of 19525323?
5
What is the units digit of 1369778?
8
What is the hundred thousands digit of 8210704?
2
What is the ten thousands digit of 1206748?
0
What is the hundred thousands digit of 2567785?
5
What is the ten thousands digit of 27745190?
4
What is the tens digit of 15348?
4
What is the hundreds digit of 1609364?
3
What is the thousands digit of 1139118?
9
What is the tens digit of 34123?
2
What is the thousands digit of 181976?
1
What is the tens digit of 7787200?
0
What is the hundred thousands digit of 650324?
6
What is the tens digit of 17907312?
1
What is the hundreds digit of 696350?
3
What is the tens digit of 1265790?
9
What is the units digit of 461336?
6
What is the hundred thousands digit of 11350982?
3
What is the tens digit of 10645090?
9
What is the hundred thousands digit of 3004756?
0
What is the hundreds digit of 679105?
1
What is the millions digit of 3359658?
3
What is the units digit of 720833?
3
What is the tens digit of 1809927?
2
What is the hundreds digit of 9986?
9
What is the tens digit of 2462734?
3
What is the ten thousands digit of 172416?
7
What is the hundreds digit of 1327647?
6
What is the ten thousands digit of 237978?
3
What is the hundreds digit of 674781?
7
What is the thousands digit of 982457?
2
What is the thousands digit of 4753042?
3
What is the thousands digit of 4311148?
1
What is the tens digit of 664232?
3
What is the tens digit of 167496?
9
What is the tens digit of 78776?
7
What is the units digit of 163623?
3
What is the hundred thousands digit of 2731591?
7
What is the tens digit of 143807?
0
What is the thousands digit of 9862381?
2
What is the ten thousands digit of 23857?
2
What is the units digit of 3144611?
1
What is the hundred thousands digit of 123673?
1
What is the hundred thousands digit of 127056?
1
Wha